{"id":13,"date":"2016-06-03T21:58:48","date_gmt":"2016-06-03T19:58:48","guid":{"rendered":"http:\/\/www.zilles-design.de\/zilles\/?page_id=13"},"modified":"2016-06-14T17:17:03","modified_gmt":"2016-06-14T15:17:03","slug":"design-gestaltung","status":"publish","type":"page","link":"https:\/\/www.zilles-design.de\/zilles\/design-gestaltung\/","title":{"rendered":"Design &#038; Gestaltung"},"content":{"rendered":"<ul class=\"list-slash\">\n<li>Das Hineinversetzen in Projekte, in den Kunden und das Mitdenken f\u00fcr den Kunden<br \/>\nsind selbstverst\u00e4ndlich.<\/li>\n<li>Eine klare Linie, Kontinuit\u00e4t im Stil, Reduktion auf eine Kernaussage und<br \/>\nhohe \u00e4sthetische Anspr\u00fcche \u2013 das stellt f\u00fcr mich die Basis guten Gestaltens dar.<\/li>\n<li>Effektiv und schnell zu kreativen und vor allem kundenorientierten L\u00f6sungen<br \/>\nzu gelangen und diese in bester Qualit\u00e4t umzusetzen \u2013 das sind die Ziele,<br \/>\ndie ich bei meiner Arbeit anstrebe.<\/li>\n<li>Immer klar und direkt in der Kommunikation.<\/li>\n<\/ul>\n","protected":false},"excerpt":{"rendered":"<p>Das Hineinversetzen in Projekte, in den Kunden und das Mitdenken f\u00fcr den Kunden sind selbstverst\u00e4ndlich. Eine klare Linie, Kontinuit\u00e4t im Stil, Reduktion auf eine Kernaussage und hohe \u00e4sthetische Anspr\u00fcche \u2013 das stellt f\u00fcr mich die Basis guten Gestaltens dar. Effektiv und schnell zu kreativen und vor allem kundenorientierten L\u00f6sungen zu gelangen und diese in bester [&hellip;]<\/p>\n","protected":false},"author":1,"featured_media":0,"parent":0,"menu_order":0,"comment_status":"closed","ping_status":"closed","template":"","meta":[],"_links":{"self":[{"href":"https:\/\/www.zilles-design.de\/zilles\/wp-json\/wp\/v2\/pages\/13"}],"collection":[{"href":"https:\/\/www.zilles-design.de\/zilles\/wp-json\/wp\/v2\/pages"}],"about":[{"href":"https:\/\/www.zilles-design.de\/zilles\/wp-json\/wp\/v2\/types\/page"}],"author":[{"embeddable":true,"href":"https:\/\/www.zilles-design.de\/zilles\/wp-json\/wp\/v2\/users\/1"}],"replies":[{"embeddable":true,"href":"https:\/\/www.zilles-design.de\/zilles\/wp-json\/wp\/v2\/comments?post=13"}],"version-history":[{"count":13,"href":"https:\/\/www.zilles-design.de\/zilles\/wp-json\/wp\/v2\/pages\/13\/revisions"}],"predecessor-version":[{"id":317,"href":"https:\/\/www.zilles-design.de\/zilles\/wp-json\/wp\/v2\/pages\/13\/revisions\/317"}],"wp:attachment":[{"href":"https:\/\/www.zilles-design.de\/zilles\/wp-json\/wp\/v2\/media?parent=13"}],"curies":[{"name":"wp","href":"https:\/\/api.w.org\/{rel}","templated":true}]}}